 Calculate w(118).
6
Let m(q) = q**3 + 74*q**2 + 276*q - 281. What is m(-70)?
-1
Let b(z) = 9*z**3 - 13*z**2 - 82*z + 13. Calculate b(-3).
-101
Let m(c) = 93*c - 4090. What is m(49)?
467
Let u(h) = -353*h**2 + 154969*h - 591. Give u(439).
287
Let y(c) = 41*c**2 - 739*c - 2204. Give y(-3).
382
Let q(n) = -2*n**2 - 1029*n - 14427. Calculate q(-14).
-413
Let x(r) = 240192*r - 4563627. Determine x(19).
21
Let q(j) = 4599*j + 95959. What is q(-20)?
3979
Let i(c) = -25*c**3 - 1422*c**2 + 134*c - 2099. What is i(-57)?
10
Let c(w) = -8*w**3 + 16*w**2 - 334*w + 320. Calculate c(1).
-6
Let k(t) = t**2 + 1881*t - 29774. Give k(16).
578
Let u(o) = 2*o**3 - 58*o**2 - 184*o + 319. Give u(32).
575
Let o(z) = -96*z**2 + 2113*z - 4226. Determine o(2).
-384
Let i(g) = -18068*g - 1770658. What is i(-98)?
6
Let g(x) = -10*x**2 - 2282*x + 4148. Determine g(-230).
8
Let j(f) = 52*f - 139. Give j(4).
69
Let f(k) = 2649*k - 18163. Give f(7).
380
Let c(t) = 783334*t + 783347. Give c(-1).
13
Let j(a) = -3*a**3 + 427*a**2 - 135*a - 667. Calculate j(142).
327
Let f(m) = 115*m**2 + 84*m + 2. What is f(-1)?
33
Let n(c) = -59*c + 2363. Calculate n(-36).
4487
Let u(o) = -4751*o + 33063. Calculate u(7).
-194
Let h(q) = -1886*q - 920340. Determine h(-488).
28
Let s(d) = -d**3 + 133*d**2 + 823*d + 1407. What is s(139)?
-122
Let q(p) = -12*p**2 + 10014*p - 358645. What is q(797)?
5
Let j(q) = 75*q - 2569. Give j(35).
56
Let o(z) = 3*z**3 - 29*z**2 + 193. Give o(-8).
-3199
Let d(w) = w**2 + 360*w + 27048. What is d(-88)?
3112
Let v(y) = -y**3 + 39*y**2 + 3*y - 299. What is v(39)?
-182
Let o(r) = 3*r**3 - 66*r**2 - 94*r + 1123. Give o(23).
548
Let f(z) = -998*z - 1093. Give f(-1).
-95
Let f(p) = -p**3 - 1013*p**2 + 282*p - 742255. Calculate f(-1014).
-7
Let h(m) = 2703*m + 108490. Determine h(-40).
370
Let t(s) = -8*s**3 + 17418*s**2 - 4434*s + 174146. Give t(2177).
-14
Let l(v) = 3530*v + 480088. Give l(-136).
8
Let o(y) = -y**3 + 340*y**2 - 2224*y - 743. Give o(7).
6
Let o(t) = 2070*t + 271157. What is o(-131)?
-13
Let u(c) = -16219*c**2 - 16254*c. Give u(-1).
35
Let v(n) = -2*n**3 - 660*n**2 + 7*n + 2328. Give v(-330).
18
Let l(f) = -f**3 + 31*f**2 - 196*f + 1066. Calculate l(25).
-84
Let x(m) = 18*m**3 - 358*m**2 - 40*m + 4. Calculate x(20).
4
Let o(w) = -7*w**2 - 188*w + 1405. Determine o(-39).
-1910
Let r(i) = 310548*i + 4968764. Calculate r(-16).
-4
Let a(r) = 3*r**2 - 241457*r - 1931844. Calculate a(-8).
4
Let a(f) = -7*f**3 + 26*f**2 - 442*f + 54. What is a(7)?
-4167
Let d(n) = n**3 - 5*n**2 - 326*n + 2461. Calculate d(-19).
-9
Let a(g) = g**3 + 71*g**2 - 464*g + 82. Give a(6).
70
Let y(m) = -2616*m**3 + m**2 + 13*m - 16. Determine y(1).
-2618
Let r(t) = 2*t**3 - 322*t**2 - 4894*t - 943. What is r(175)?
107
Let w(q) = q**3 + 42*q**2 - 1349*q - 1612. Give w(-63).
26
Let u(t) = -35980*t - 827630. Give u(-23).
-90
Let y(a) = 4357*a + 18632. Determine y(-4).
1204
Let z(n) = 10*n**3 + 6*n**2 + 18*n + 17. Give z(-3).
-253
Let c(j) = -154*j**3 - 8933*j**2 - 79*j - 1374. Determine c(-58).
-156
Let n(v) = -2572*v + 2677475. Calculate n(1041).
23
Let r(n) = -16*n**2 + 709*n - 169. What is r(43)?
734
Let j(z) = z**2 - 28196*z - 959815. Calculate j(-34).
5
Let n(a) = -48*a + 2601. What is n(49)?
249
Let f(m) = -12*m**2 + m - 62. Determine f(-6).
-500
Let h(n) = -8*n**2 + 168*n + 44722. What is h(86)?
2
Let o(z) = 2*z**3 - 144*z**2 - 36615*z - 724. Give o(-104).
4
Let y(k) = 18*k**2 + 126*k - 6. Determine y(-7).
-6
Let q(y) = 3*y**3 - 142*y**2 + 328*y - 580. Calculate q(45).
5
Let o(a) = -62*a**2 + 16485*a + 1863. Calculate o(266).
1
Let i(m) = 17*m**3 - 158*m**2 + 143*m + 198. Calculate i(8).
-66
Let b(l) = 6549*l + 7034. Determine b(-1).
485
Let c(t) = 6*t**3 - 12*t**2 - 10*t + 114. Give c(3).
138
Let j(g) = -2*g**3 - 499*g**2 - 256*g - 1749. Calculate j(-249).
-6
Let k(t) = 877*t + 203613. Give k(-232).
149
Let b(t) = -4568*t - 1402332. Give b(-307).
44
Let y(a) = 6*a**2 - 214*a - 4033. What is y(-18)?
1763
Let f(y) = 3*y**2 - 2721*y + 13617. Give f(5).
87
Let m(u) = u**2 + 437*u - 44366. What is m(-522)?
4
Let j(n) = 3*n**2 + 55*n - 518. What is j(-27)?
184
Let w(g) = -1142*g + 456. Calculate w(1).
-686
Let q(r) = -r**3 + 238*r**2 - 2053*r - 2544. Calculate q(229).
-712
Let o(y) = 528*y + 32718. Calculate o(-48).
7374
Let g(y) = 9*y**2 - 207*y + 1751. Give g(12).
563
Let s(g) = -762*g**2 + 5303*g + 4. Calculate s(7).
-213
Let u(c) = -c**3 - 89*c**2 + 991*c - 2. Give u(10).
8
Let h(p) = -12471*p - 398849. What is h(-32)?
223
Let x(z) = 11*z**3 - 48*z**2 - 89*z + 138. Give x(1).
12
Let j(s) = -25*s**2 - 38500*s + 38502. Give j(1).
-23
Let y(c) = 7*c**2 - 24677*c + 123356. Determine y(5).
146
Let c(o) = -85*o + 11665. What is c(160)?
-1935
Let t(x) = -x**3 + 6*x**2 - 40*x + 133. Determine t(3).
40
Let a(q) = -328840*q + 2959563. What is a(9)?
3
Let l(w) = w**2 + 170782*w + 2902986. Determine l(-17).
-19
Let c(o) = -o**3 + 8*o**2 + 20*o + 2. Calculate c(11).
-141
Let d(j) = 111*j - 239. What is d(3)?
94
Let y(p) = 21*p**2 - 2354*p + 2545. Determine y(111).
-8
Let g(b) = -b**3 - 68*b**2 - 904*b - 73. Calculate g(-18).
-1
Let u(r) = -r**3 + 31*r**2 + 113*r + 2. Give u(-6).
656
Let g(z) = -z**3 - z**2 - 36*z - 679. Calculate g(-8).
57
Let f(w) = -10*w**3 - 3186*w**2 + 7723*w + 6099. Determine f(-321).
0
Let t(l) = 1026*l - 17746. Calculate t(17).
-304
Let h(f) = -13*f**3 + 2534*f**2 + 205*f - 678. Calculate h(195).
1272
Let s(d) = -12*d**2 - 231*d - 969. Give s(-6).
-15
Let g(d) = -11*d**2 - 109*d - 962. Calculate g(-9).
-872
Let v(m) = 2*m**3 + 45*m**2 - 690*m - 6217. Determine v(-7).
132
Let y(q) = 360*q + 20423. Give y(-56).
263
Let i(z) = z**3 - 161*z**2 - z - 1704. Calculate i(161).
-1865
Let z(v) = v**3 + 8*v**2 + 172*v + 604. Give z(-4).
-20
Let r(v) = -v**2 + 153*v + 261. Give r(-10).
-1369
Let k(o) = 154*o**2 - 14489*o + 28981. Determine k(2).
619
Let l(g) = 1447*g**2 + 7235*g - 1. Determine l(-5).
-1
Let b(x) = -22*x**2 + 22863*x - 248823. Give b(11).
8
Let n(c) = c**3 + 163*c**2 + 6670*c + 7275. Determine n(-73).
-25
Let d(v) = -223456*v - 1117277. Give d(-5).
3
Let h(r) = 36*r**2 + 53*r + 184. What is h(-4)?
548
Let k(a) = -21*a**2 - 5687*a + 6824. Calculate k(-272).
24
Let i(t) = -7*t**3 - 3*t**2 - 10*t + 559. Give i(8).
-3297
Let f(y) = 2040*y - 46640. Calculate f(23).
280
Let r(p) = 416*p**2 - 74*p - 65. Give r(-1).
425
Let z(k) = -65*k**2 - 3597*k - 761. Determine z(-55).
449
Let j(v) = v**2 - 11646*v + 116371. Determine j(10).
11
Let m(y) = 7*y**2 + 1317*y - 1316. Determine m(1).
8
Let m(l) = 463998*l - 2783982. Give m(6).
6
Let u(h) = 13161*h - 829165. Calculate u(63).
-22
Let l(i) = -i**3 - 553*i**2 + 4600*i - 910. Determine l(8).
-14
Let t(z) = 1030*z + 207035. Determine t(-201).
5
Let t(k) = 41*k**2 + 624*k - 84. Calculate t(0).
-84
Let f(i) = 526*i + 30480. Determine f(-58).
-28
Let p(a) = -a**2 + 82*a + 9646. Calculate p(171).
-5573
Let x(s) = -s**3 + 59*s**2 - 19109*s + 1127436. What is x(59)?
5
Let v(o) = -4*o**2 + 9265*o - 83380. Calculate v(9).
-319
Let x(k) = -4*k**2 + 143*k + 3635. Determine x(-25).
-2440
Let r(x) = -32*x**2 - 1827*x - 22595. What is r(-39)?
-14
Let m(i) = 305*i + 14289. What is m(-44)?
869
Let c(m) = -138835*m - 277638. Determine c(-2).
32
Let t(j) = 1131*j + 46313. What is t(-41)?
-58
Let a(h) = -375*h**2 + 131*h + 261. Calculate a(-2).
-1501
Let r(m) = 22268*m - 178570. What is r(8)?
-426
Let t(j) = j**3 - 250*j**2 + 649*j - 38013. Give t(248).
-69
Let o(k) = -k**3 - 52*k**2 + 16485*k - 1. Determine o(-157).
-1
Let j(s) = -145*s**3 + 374*s**2 + 125*s + 171. Calculate j(3).
-3
Let n(f) = 99*f - 20754. Give n(210).
36
Let i(n) = -103573*n + 932102. What is i(9)?
-55
Let a(t) = -62*t**2 + 581*t + 8557. Calculate a(-8).
-59
Let c(h) = -3*h**3 - 104*h**2 + 11*h - 842. Determine c(-35).
-2
Let k(y) = -103*y**2 - 2352*y - 13160. Determine k(-13).
9
Let c(y) = -41*y**2 - 622*y - 468. What is c(-14)?
204
Let j(w) = -17872*w + 3056136. Calculate j(171).
24
Let y(c) = c**3 - 268*c**2 - 1388*c + 6178. Calculate y(273).
-101
Let c(w) = w**3 + 272*w**2 + 17988*w + 3343. Determine c(-159).
4
Let f(a) = -308*a**3 + 20*a**2 - 18*a. Determine f(1).
-306
Let l(y) = -y**3 - 98*y**2 + 3375*y + 15. What is l(27)?
15
Let r(q) = 15*q**3 + 1080*q**2 + 47*q + 